hen 23964 is divided by 2403.
2337
What is the remainder when 13816 is divided by 1530?
46
Calculate the remainder when 5149 is divided by 338.
79
What is the remainder when 234 is divided by 174?
60
What is the remainder when 352078 is divided by 815?
813
Calculate the remainder when 373529 is divided by 73.
61
What is the remainder when 305222 is divided by 186?
182
What is the remainder when 127320 is divided by 9094?
4
What is the remainder when 9231 is divided by 32?
15
Calculate the remainder when 9897 is divided by 84.
69
Calculate the remainder when 8238 is divided by 71.
2
Calculate the remainder when 34981 is divided by 38.
21
Calculate the remainder when 6098 is divided by 19.
18
What is the remainder when 38302 is divided by 38?
36
What is the remainder when 3213 is divided by 337?
180
Calculate the remainder when 4840 is divided by 97.
87
Calculate the remainder when 4786 is divided by 2373.
40
What is the remainder when 36534 is divided by 12?
6
Calculate the remainder when 6794 is divided by 1401.
1190
What is the remainder when 52903 is divided by 370?
363
What is the remainder when 181173 is divided by 77?
69
What is the remainder when 160023 is divided by 6?
3
Calculate the remainder when 21869 is divided by 336.
29
Calculate the remainder when 740 is divided by 352.
36
What is the remainder when 4176 is divided by 3962?
214
Calculate the remainder when 11935 is divided by 277.
24
What is the remainder when 72062 is divided by 27?
26
Calculate the remainder when 87893 is divided by 2585.
3
What is the remainder when 4308 is divided by 1061?
64
What is the remainder when 532123 is divided by 184?
179
What is the remainder when 63857 is divided by 31681?
495
What is the remainder when 440 is divided by 91?
76
Calculate the remainder when 6158 is divided by 1535.
18
Calculate the remainder when 175155 is divided by 71.
69
Calculate the remainder when 14311 is divided by 298.
7
What is the remainder when 1483 is divided by 7?
6
Calculate the remainder when 341961 is divided by 26304.
9
Calculate the remainder when 125494 is divided by 7382.
0
Calculate the remainder when 3365853 is divided by 1209.
1206
Calculate the remainder when 1198909 is divided by 47.
33
Calculate the remainder when 2768 is divided by 199.
181
Calculate the remainder when 219 is divided by 30.
9
What is the remainder when 266796 is divided by 266?
264
Calculate the remainder when 35084 is divided by 19.
10
What is the remainder when 29817 is divided by 61?
49
What is the remainder when 15739 is divided by 47?
41
What is the remainder when 44631 is divided by 470?
451
What is the remainder when 3601 is divided by 707?
66
What is the remainder when 2313 is divided by 135?
18
What is the remainder when 2277 is divided by 593?
498
Calculate the remainder when 21269 is divided by 68.
53
What is the remainder when 1932625 is divided by 34?
31
What is the remainder when 28297 is divided by 1008?
73
What is the remainder when 2676 is divided by 190?
16
Calculate the remainder when 37160 is divided by 2.
0
Calculate the remainder when 885 is divided by 40.
5
Calculate the remainder when 1692 is divided by 137.
48
Calculate the remainder when 15702 is divided by 7846.
10
What is the remainder when 59523 is divided by 744?
3
Calculate the remainder when 276570 is divided by 25142.
8
What is the remainder when 68665 is divided by 105?
100
Calculate the remainder when 12528 is divided by 1699.
635
Calculate the remainder when 1860 is divided by 1444.
416
What is the remainder when 1226237 is divided by 79?
78
What is the remainder when 247036 is divided by 714?
706
What is the remainder when 2586 is divided by 172?
6
What is the remainder when 102299 is divided by 1042?
183
Calculate the remainder when 16964 is divided by 113.
14
Calculate the remainder when 71707 is divided by 12.
7
Calculate the remainder when 529618 is divided by 13.
11
What is the remainder when 10639 is divided by 425?
14
Calculate the remainder when 9962 is divided by 44.
18
Calculate the remainder when 64979 is divided by 465.
344
Calculate the remainder when 3021 is divided by 229.
44
What is the remainder when 137226 is divided by 116?
114
Calculate the remainder when 5192 is divided by 208.
200
Calculate the remainder when 13728 is divided by 5.
3
Calculate the remainder when 13627 is divided by 58.
55
Calculate the remainder when 566467 is divided by 74.
71
Calculate the remainder when 12365 is divided by 213.
11
What is the remainder when 956 is divided by 384?
188
What is the remainder when 366542 is divided by 45?
17
Calculate the remainder when 44675 is divided by 63.
8
What is the remainder when 33340 is divided by 20?
0
Calculate the remainder when 3330532 is divided by 6.
4
What is the remainder when 8141854 is divided by 48?
46
What is the remainder when 13979 is divided by 661?
98
Calculate the remainder when 79845 is divided by 79840.
5
What is the remainder when 20413 is divided by 44?
41
What is the remainder when 894 is divided by 427?
40
What is the remainder when 24256 is divided by 898?
10
What is the remainder when 717 is divided by 714?
3
What is the remainder when 247381 is divided by 25?
6
What is the remainder when 145917 is divided by 76?
73
Calculate the remainder when 15261 is divided by 139.
110
Calculate the remainder when 11854848 is divided by 25.
23
What is the remainder when 210671 is divided by 66?
65
Calculate the remainder when 5015 is divided by 3.
2
What is the remainder when 2263 is divided by 30?
13
Calculate the remainder when 1423 is divided by 1403.
20
What is the remainder when 11208 is divided by 2779?
92
Calculate the remainder when 96937 is divided by 77.
71
What is the remainder when 3798 is divided by 795?
618
What is the remainder when 1496540 is divided by 68?
64
Calculate the remainder when 5266 is divided by 170.
166
What is the remainder when 241021 is divided by 113?
105
What is the remainder when 1140 is divided by 287?
279
What is the remainder when 75466 is divided by 6?
4
Calculate the remainder when 8608 is divided by 4296.
16
Calculate the remainder when 625299 is divided by 338.
337
What is the remainder when 984096 is divided by 9648?
0
Calculate the remainder when 2803 is divided by 509.
258
What is the remainder when 1404 is divided by 9?
0
Calculate the remainder when 3670 is divided by 328.
62
What is the remainder when 1006 is divided by 823?
183
What is the remainder when 612431 is divided by 6?
5
What is the remainder when 8121 is divided by 203?
1
What is the remainder when 841717 is divided by 44?
41
Calculate the remainder when 11702 is divided by 3864.
110
Calculate the remainder when 106313 is divided by 59.
54
Calculate the remainder when 8772 is divided by 415.
57
What is the remainder when 3896 is divided by 834?
560
Calculate the remainder when 531 is divided by 342.
189
Calculate the remainder when 90676 is divided by 90666.
10
Calculate the remainder when 837 is divided by 95.
77
What is the remainder when 17516 is divided by 3501?
11
Calculate the remainder when 1394 is divided by 666.
62
Calculate the remainder when 411 is divided by 288.
123
Calculate the remainder when 41763 is divided by 41753.
10
Calculate the remainder when 739 is divided by 146.
9
Calculate the remainder when 69339 is divided by 21.
18
What is the remainder when 1763 is divided by 1280?
483
What is the remainder when 5069 is divided by 317?
314
What is the remainder when 769 is divided by 343?
83
Calculate the remainder when 159579 is divided by 79789.
1
Calculate the remainder when 7135 is divided by 5608.
1527
Calculate the remainder when 979 is divided by 172.
119
What is the remainder when 2193 is divided by 5?
3
Calculate the remainder when 1118409 is divided by 423.
420
Calculate the remainder when 69 is divided by 39.
30
What is the remainder when 4693 is divided by 4681?
12
What is the remainder when 2385 is divided by 140?
5
Calculate the remainder when 5935 is divided by 40.
15
What is the remainder when 542869 is divided by 24?
13
What is the remainder when 8106 is divided by 28?
14
Calculate the remainder when 33791 is divided by 22.
21
Calculate the remainder when 278355 is divided by 4282.
25
What is the remainder when 310